the greatest common factor of f and w.
19
Suppose 3*r + 25 = 70. Suppose 5*y - 52*m = -49*m + r, -5 = -m. Calculate the greatest common divisor of y and 22.
2
Suppose 1428 + 2292 = 8*f. What is the greatest common divisor of 2263 and f?
31
Let u be ((-31)/6 + 2/3)/(546/(-175812)). What is the highest common factor of u and 2737?
161
Let r(f) = f**3 + f**2 - 3. Let m be r(3). Suppose -706*x - 520815 = -2425*x + 103182. Calculate the greatest common divisor of x and m.
33
Let d = -172 - -196. Suppose 6 = 2*s, -12 = -t - 2*s + d. What is the highest common divisor of 18 and t?
6
Let v(y) = -3*y - 2 + 46660*y**2 - 2 - 46659*y**2. Let h be v(5). What is the greatest common divisor of 6 and h?
6
Let y = -5467 + 5904. Suppose x = -3*s - x + 59, -4*s = -x - 75. What is the greatest common factor of s and y?
19
Let s(f) = 2*f**2 + 44*f - 6. Let j be s(-25). Calculate the greatest common divisor of j and 912.
48
Let z(k) = 86*k - 1826. Let t be z(24). Calculate the highest common divisor of 1162 and t.
14
Let o be -15*88/80*-8. Suppose 15 = 3*m, 0*p - 4*p + 4*m + 24 = 0. Calculate the highest common divisor of p and o.
11
Let q(t) = 215*t - 2725. Let b be q(19). What is the greatest common divisor of b and 1530?
170
Suppose -2*p - p = -471. Let a(d) = p*d - d**3 + 4*d**2 - 1 - 75*d - 73*d. Let x be a(5). What is the highest common factor of 95 and x?
19
Suppose -5*m + 2*v + 2859 = -2195, 2*m - 4*v - 2012 = 0. Calculate the highest common factor of m and 1150.
46
Suppose -166*l + 161*l = -5400. Calculate the highest common factor of 1404 and l.
108
Suppose 0 = -9*x + 4*x + 25. Let g be (-252)/(-25) + -2*7/175. What is the highest common divisor of x and g?
5
Let o = -40 - -38. Let a be (-6 - -7)/(o/(-6)). Suppose 5*u + 78 = y, -a*u - 240 = -3*y - 6. What is the greatest common divisor of y and 117?
39
Suppose 0 = -25*z + 3812 - 2311 + 15274. Calculate the highest common factor of 366 and z.
61
Let z = -6816 - -7761. What is the greatest common divisor of 35 and z?
35
Suppose -3*z - 185 = 22. Let s = z + 81. Suppose 5*b + 0*b - 4*a = 106, -b + 5*a + 38 = 0. Calculate the highest common divisor of b and s.
6
Let f be (-248 - -149)*(-4)/(4/37). Calculate the highest common divisor of 27 and f.
9
Let s be (-100)/(-8)*2 + 5. Suppose -4*a = -4*b + 1372, 4*b - 895 = -a + 487. What is the greatest common factor of s and b?
15
Let l(f) = 17*f**3 + 2*f - 1. Let a = 18 - -48. Let q = a + -65. Let b be l(q). Calculate the greatest common divisor of 18 and b.
18
Let t(g) = -g**3 - 4*g**2 + 9*g. Let a be t(-6). Suppose -134 = -5*m - x, 0*x + 5*x - 103 = -4*m. What is the greatest common divisor of m and a?
9
Let d = 3147 - 3095. Calculate the greatest common divisor of d and 494.
26
Suppose 135 = -5*h + 265. Suppose -f + 6*q - 8*q + h = 0, -f + 38 = 5*q. Calculate the greatest common divisor of 153 and f.
9
Let d = -1 - -16. Let a be 13 - (1 + -5 - -4). Suppose m = 19 - a. Calculate the greatest common divisor of m and d.
3
Let r be (2/(-1))/(5 + 923/(-182)). Calculate the greatest common factor of 182 and r.
14
Let j = -9333 - -9413. What is the greatest common divisor of j and 44?
4
Suppose 5*z - 532 = 2*z + 2*z. What is the highest common factor of 644 and z?
28
Let h = 34 - 26. Let x be 1*(1 + 1)*h. Let u be -1*6/(-5) - 20/(-25). Calculate the greatest common divisor of x and u.
2
Suppose 0*t + 48 = t. Suppose 127*m = -484*m + 21437 - 1885. Calculate the highest common factor of t and m.
16
Let m = -15 - -17. Suppose -3*s - m*v + 458 = s, 423 = 4*s - 5*v. What is the greatest common divisor of s and 16?
16
Let t = 27074 - 26906. Calculate the greatest common factor of 4464 and t.
24
Let p be 0 + 376 + -25 + -14 + 38. Calculate the highest common divisor of 15 and p.
15
Suppose -567 = -21*g - 0*g. Let j be 5*((-21)/9)/((-9)/g). Calculate the highest common factor of 77 and j.
7
Suppose 4*q - 34 = -2*o, -6*o + 3*o + 39 = 2*q. Suppose -55 = -6*c + o. Calculate the highest common divisor of 143 and c.
11
Suppose 0 = -5*j + 6*j + 18. Let a be (4 - (-117)/j)*(-6)/(-5). Let d(h) = h + 6. Let r be d(a). Calculate the highest common divisor of 3 and r.
3
Let p(f) = -35*f**3 - 2*f - 1. Let k be ((-264)/(-176))/(3/(-2)). Let t be p(k). What is the highest common divisor of 48 and t?
12
Let w(b) = 45*b - 2. Let n be w(2). Suppose 517 = 3*m + n. What is the highest common divisor of m and 13?
13
Suppose -3476*j + 3446*j = -98894 + 18044. Calculate the highest common factor of 110 and j.
55
Suppose -4*s = -5*s + 4. Let z = -105 - -44. Let b = 93 + z. What is the highest common divisor of b and s?
4
Suppose -38*u + 16520 = -7*u + 2849. Calculate the greatest common divisor of 9 and u.
9
Suppose 8976 = -403*g + 447*g. Calculate the greatest common factor of 1156 and g.
68
Let i = 90547 - 90397. Let s(j) = j**2 + 2. Let w be s(2). Calculate the greatest common factor of w and i.
6
Let j = -734 - -1378. Suppose j = 26*c - 19*c. What is the highest common factor of 230 and c?
46
Suppose -q + z + 98 = -38, 0 = 3*q - 2*z - 408. Suppose 10*o = -46*o + 18*o + 304. What is the highest common divisor of o and q?
8
Let k(q) = -31*q**3 - 2*q + 1. Suppose -17*l = -6*l - 11. Let h be (l/(-1))/(20/40). Let p be k(h). Calculate the highest common factor of 23 and p.
23
Let t(b) = -b**3 + 10*b**2 + 39*b - 357. Let v be t(10). Suppose 0*h + h - 6 = 0. Calculate the greatest common divisor of h and v.
3
Let t be (-8)/2 - (-1133)/11. Let b = t - 74. Suppose b*l = 24*l + 188. Calculate the greatest common divisor of 47 and l.
47
Let c(i) = i**2 - 48*i - 280. Let t be c(40). Let b be ((-48)/(-5))/(((-304)/t)/19). What is the greatest common divisor of 60 and b?
60
Let n(q) = -1836*q**3 + 2*q**2 + 7*q + 4. Let t be n(-1). What is the highest common divisor of 15 and t?
5
Suppose 4*x = -14*s + 193788, -2*x + 34377 + 62589 = -5*s. What is the greatest common divisor of x and 84?
84
Let a be -6*(-28)/12 + 175. What is the greatest common factor of 9180 and a?
27
Let z be -13 + (404 - 8) + 2. What is the greatest common divisor of z and 55?
55
Let j = -149 + 213. Suppose 6*o - 12*o + 162 = 0. Suppose -l + s - o = -4*l, l + 5*s = 23. What is the highest common factor of l and j?
8
Let p(c) = -41*c**3 - 44*c**2 - 6*c + 1. Let z be p(-2). What is the greatest common divisor of z and 1005?
15
Let h = -53060 + 53105. Let l(o) = -o**3 - 6*o**2 - 6*o + 4. Let j be l(-5). What is the greatest common divisor of h and j?
9
Let b(m) = -m**3 - 40*m**2 + 134*m + 341. Let o be b(-43). What is the greatest common factor of o and 686?
14
Let g(t) = -72*t**2 + 69*t**2 - 21*t - 29*t - 5*t - 3. Let c be g(-18). Calculate the highest common divisor of 2 and c.
1
Let c be (((-2)/20)/((-81)/(-12312)))/((-1)/25). What is the greatest common divisor of c and 20?
20
Let i = 12 - -2. Let f = 20 + i. Suppose -j - 3 = 4*k - 1, -3*j = 2*k - f. Calculate the highest common divisor of j and 35.
7
Suppose 4*f - 15 = 9. Suppose j = h - 3*j - 74, -2*h = 4*j - 88. Calculate the highest common divisor of h and f.
6
Let j(d) = 16*d**3 + 10*d**2 - 20*d. Let v be j(3). Calculate the greatest common divisor of v and 198.
66
Suppose t - 5*d = 357, 4*d + 299 + 1381 = 5*t. Suppose z = v - 2*z - 102, 0 = 3*v + 4*z - t. Calculate the greatest common divisor of v and 54.
54
Let m = 197 - 121. Suppose o - 25 + m = 4*j, 21 = j - 3*o. What is the highest common factor of 56 and j?
4
Let p = -6984 + 7034. What is the highest common factor of p and 48?
2
Suppose d - 4*f - 85 = 0, 4*f + 894 = 2*d + 728. Calculate the greatest common divisor of d and 3807.
81
Let t(j) = 38*j**2 - 7*j + 4. Let v be t(3). Suppose -g = -2*a + 45, a + 2*g - 135 = -4*a. What is the highest common factor of a and v?
25
Let r be ((-3)/12 - (-698)/(-24))/((-365)/1095). Suppose -k - 4 = -0, 0 = -2*l - k + 40. What is the highest common factor of r and l?
22
Let d be (-450)/(-12) + (-110)/(-44). Calculate the highest common divisor of d and 320.
40
Let n(y) = -66*y - 1380. Let d be n(-22). Suppose -7 = -2*k + 53. Calculate the greatest common factor of d and k.
6
Let g be (-5)/2*48/(-2). Let t be (409 - -1) + (-21 - -27). Let a = -410 + t. What is the highest common factor of a and g?
6
Suppose 1127*f - 1125*f + 1678 = 3*y, -y + 3*f + 543 = 0. What is the greatest common factor 